valuate (12 - (20 - -11)) + 13 - -10.
4
What is the value of (-66 - -80 - (2 + 0)) + -1 + -2?
9
Evaluate -10 + (1 - (4 + 0)) + 6 - -3.
-4
What is 2 + -10 + 4 + 2?
-2
Calculate -3 - (-3 + 7 + -12) - -2.
7
What is -3 + (-16 - -20) - 21?
-20
What is the value of 18 + (21 - 40) - ((-1 - 0) + 10)?
-10
What is -25 - ((2 - -24) + 7 + -20)?
-38
What is (3 + -6 - -15) + (-59 - -43)?
-4
What is the value of 55 + -48 - (25 - -1) - -9?
-10
Evaluate (22 + 6 - 9) + -12.
7
6 - (-3 - (7 - 16))
0
What is 1 + 1 - (449 - 433)?
-14
What is the value of 51 + -89 - (-21 - -1)?
-18
(-26 - -5 - 5) + 21
-5
Evaluate 3 - (-3 - ((0 - 1) + -30 + 32)).
7
Evaluate 10 + (-3 - -1) + 3 + -7 + -19.
-15
-6 + -3 + -3 - (0 - 3)
-9
What is the value of (6 - (-9 - -6 - -12)) + -6?
-9
What is the value of 0 - (-6 + 0 - 2) - 1?
7
What is (9 + -6 + 6 - 10) + (9 - 38)?
-30
What is -16 + (9 - -6) + 4?
3
Calculate 0 + 8 + -16 + -5 - -25.
12
Evaluate 7 + 4 - (-3 - 3 - -16).
1
Calculate 0 - (6 + 3 - (3 - (6 - 13))).
1
-3 + (31 - (3 - (-3 + -2 + 0)))
20
What is the value of -4 + (-2 + 0 - (7 - 10)) + -3?
-6
(-6 - (1 + 0)) + 7 + 12 + 13
25
Calculate -22 + (-7 + 8 - -19).
-2
Evaluate 8 + -1 + -12 + (-8 - 0 - 2).
-15
Evaluate (-1 - (1 + -16)) + (1010 - 999).
25
Calculate (-1 - 0) + (60 - 55).
4
Evaluate (7 + -5 - 3) + 16.
15
(-3 - 2) + -2 + 7 + (3 - -15)
18
Evaluate 7 - -7 - (4 - -19).
-9
Calculate 39 - (10 - ((-37 - -29) + 18 + 0)).
39
Evaluate 8 + 7 + (-9 - 0) + -1.
5
Evaluate 6 + (3 + 1 - (39 + -36)).
7
What is the value of 18 + -34 + -11 + 20?
-7
6 + -6 + (3 - 3) + -11
-11
Calculate -17 + (17 - 35) + 62.
27
4 + -17 + 4 + 14 + -7 - -1
-1
5 + 1 + -34 + -5 + (15 - 2)
-20
What is 2 + -2 + -7 - (1 + -18 + 0)?
10
Calculate -3 + (-9 - -31) + -38.
-19
What is 3 + -9 + 28 + 0 - 9?
13
Calculate (0 - (-6 + -21)) + 9 + -7.
29
Calculate 8 + -8 - (-2 + -6).
8
Calculate (-24 + 34 - -6) + 14.
30
Calculate -80 + 112 + (-18 - -2) - 19.
-3
(-5 - (-14 - -11)) + -8
-10
What is the value of -26 + (8 + (-1 - 6) - -5) + -10?
-30
Evaluate -5 - 0 - (-364 - -360).
-1
What is (-5 - 0) + (-24 - -15 - -2)?
-12
What is the value of -8 - (-112 + 119 - (13 - 0))?
-2
What is -5 - (-27 - -8) - (-10 + 0)?
24
(-6 - ((0 + -9 - -2) + 1)) + -14
-14
What is the value of 0 + (-2 - 2 - (-6 - (9 + -5)))?
6
What is the value of (-27 - 0 - (-1 + (19 - 22))) + -12?
-35
Evaluate -15 + 15 - (15 - 9).
-6
What is the value of 9 - 6 - ((-3 - -2 - 1) + -10)?
15
Calculate (-9 - (-69 + 27)) + -67.
-34
Evaluate -4 - (-4 + (-8 - (-6 + 3)) + 25).
-20
Evaluate 180 - 183 - (-8 - 0).
5
What is the value of (-4 - 1) + (73 - 84) + 5?
-11
What is the value of 4 + -13 - (2 + -7) - -27?
23
What is 3 + (3 + -6 + -2 - -7) - 16?
-11
85 - 97 - (-34 - (-5 + 2))
19
What is 6 + 9 + 9 + -37?
-13
11 + -1 + -3 + 0 + 14 + -12
9
0 + 8 + 84 + -87 + -8
-3
Calculate -10 - (-5 - (-1 + -7 + 9)).
-4
What is -4 + (-5 - 8) + 2?
-15
Calculate (-3 + -2 - (2 + (-3 - -4))) + -7.
-15
Evaluate -14 + 5 + 15 - 2.
4
Evaluate 1 + -18 + (18 + 0 - (131 - 118)).
-12
What is (20 - (-14 - -27)) + -10?
-3
What is the value of 415 + -415 - (-8 + 0)?
8
Evaluate -18 - ((-13 - 0) + -15).
10
Evaluate -59 + 39 - (-13 + 5).
-12
-5 - (-3 - (-2 - 0)) - (150 + -161)
7
What is the value of 1300 + -1298 + (-1 - (6 + 0 - 1))?
-4
What is (2 - 2 - (-1 + -8)) + -5?
4
-95 + 86 + 4 + (4 - 7) + 21
13
Calculate -11 + -2 + 73 + -56.
4
Calculate -2 + 13 + -54 + 31.
-12
What is the value of -29 - (-2 - (-9 + 7)) - -13?
-16
Evaluate 1 + (2 - 4) + 17 + (-24 - -19).
11
Evaluate -1 + 4 + -2 + -5 - (-7 - -7).
-4
What is the value of (5 - -2) + -25 + 31 + -14?
-1
0 - -6 - (6 + (-6 - 0) - -3)
3
Calculate -222 - -236 - (1 + 28).
-15
Calculate (-7 - -3) + (0 - 2) + (11 - 16).
-11
What is the value of (3 - -2) + -6 + (1 - (-16 + 3))?
13
Calculate 20 + -3 + 12 + (-8 - 0).
21
What is 4 - (44 - 46 - (-2 - 0))?
4
Evaluate (-5 + -8 - -17) + 2 + 1.
7
What is -10 + -3 + 9 - -3 - -20?
19
What is the value of 8 - (8 - (-6 - (-22 - -7)) - -8)?
1
What is the value of 39 + -23 - (-13 + 25)?
4
(-22 - -52 - 21) + 0 + -28 - 7
-26
Calculate -200 + 177 - (-40 - 0).
17
What is 19 - -16 - 12 - 10?
13
Evaluate 30 + 19 + -80 + 28.
-3
What is the value of 4 + 11 + -14 - (-15 - 1) - -5?
22
Calculate (8 - (5 + -8)) + -20 + -21.
-30
Calculate 62 - 69 - ((-5 - -4) + -4).
-2
Calculate -32 - (15 + -26) - (-9 - 4).
-8
Evaluate (19 - 13) + -18 - -5.
-7
43 - (43 - 15) - (-8 - (4 + -2))
25
What is 10 + -1 + (35 - (-26 - -73))?
-3
What is the value of 8 + 1 - (8 - 9) - 6?
4
What is 11 - 3 - (10 + 5 + -11 + 3)?
1
What is the value of 1 + -12 - -8 - -15?
12
What is the value of -9 + (-5 + -6 + 10 - 5)?
-15
(-4 - 2 - 8 - -35) + (-5 - 0)
16
What is the value of -18 + (2 - -23) + -11?
-4
Calculate 28 - (12 - 8 - 5 - 5).
34
Evaluate -117 + 116 - ((0 - -2) + -24).
21
What is the value of 12 - (9 - ((-7 - -2 - -9) + 8))?
15
What is (35 - 11) + 14 + -18?
20
13 + (8 - 37) - (7 + -3)
-20
Evaluate 16 + (21 - 42) - -13.
8
13 + (4 - (8 + 0 + -5)) + -4
10
7 + -7 - (-1 + 3 + -17)
15
(-10 + 3 - 2) + 3
-6
-70 - -86 - (27 - -2)
-13
What is 24 + -18 - ((4 - 3) + (-5 - 0))?
10
What is the value of (9 - 1) + (-42 - -16 - -14) + 11?
7
What is 2 - (-8 - (4 - 10 - -2))?
6
Evaluate -2 + (3 - (0 - 4)) - 4.
1
What is the value of (-19 - -4) + (36 - 30) - 1?
-10
Evaluate -71 - -71 - (-1 - 3) - 8.
-4
404 + -424 - (-3 - 40)
23
(-4 - -6) + -9 + (-10 - (-8 + -10))
1
Evaluate (10 + -14 - -24) + -12.
8
Evaluate (38 + -20 - -16) + -28.
6
(-17 - -14) + 4 - 2 - 14
-15
9 - (-5 + -8 + 33)
-11
What is 0 + 12 + (18 - -4) + -49?
-15
Evaluate (-18 - ((-16 - -7) + 11 - 9)) + 1.
-10
Evaluate (-13 - (3 - -22)) + 20 + -5.
-23
What is the value of (1 - 1) + 17 + -4 + (-49 - -47)?
11
(-2 - (17 - 7)) + -1 + 5 + 5
-3
-24 - -2 - (-27 - (7 + -32))
-20
What is the value of -164 + 142 - (-1 - 14)?
-7
What is the value of -7 + (-2 - -17) - (-3 - 9 - 0)?
20
Evaluate (131 - 139) + 4 + 0 - -11.
7
What is the value of -16 - -2 - (-6 + 16 + -15)?
-9
Evaluate -9 - ((8 + -18 - -2) + 16).
-17
Calculate 12 - (2 - (5 - -3 - 15)).
3
Evaluate (28 - 3) + -33 + 6 + -1 + 2.
-1
-8 - (7 + 4 + 3 + -20)
-2
What is the value of 12 + 0 + -3 + (18 - 12)?
15
What is -2 + (-1 - -5) + (5 - 14)?
-7
7 - (-52 + 50 + (-1 + 0 - -6))
4
Evaluate (6 - 11 - 1) + 1 + 11 + -8.
-2
Evaluate -2 - 4 - (8 + -6 - (-1 - -3)).
-6
What is -11 - (12 - (-17 - -21))?
-19
What is (1834 - 1842) + -1 + 11?
2
Evaluate -13 + (-6 - -5) + 2 + (0 - -3).
-9
What is (-18 - -4) + 5 + (-25 - -23)?
-11
(-8 - -11) + -6 + 7
4
What is the value of -13 + -7 + 7 + 6?
-7
Evaluate 12 - (-13 - (-4 + -14)).
7
What is -22 + 1 + -7 + 1 + (-91 - -100)?
-18
What is -13 + 6 - -13 - (2 + -2 + 3)?
3
What is the value of -9 + -42 + 74 - 40?
-17
Evaluate 89 - 88 - (1 - -4).
-4
Evaluate (4 - -5) + (-4 + -4 - -8).
9
Evaluate (6 - 0) + (9 - 1 - 10).
4
Evaluate 28 + (13 - 27) + -37.
-23
What is 5 + (10 - (9 + -8 + 3) - -1)?
12
What is 11 - -3 - (94 - 75)?
-5
Calculate 8 + (2 - -7 - 8) - 10.
-1
Calculate (-8 + 5 - -11 - 25) + 4.
-13
Evaluate -9 + 15 + 0 + -2 + -15.
-11
What is the value of -9 - (-7 - (-2 - (-12 + (-6 - -4))))?
10
(-3 - (2 - 7) - -1) + (-17 - -11)
-3
Evaluate -9 + 3 + -27 - -13 - (3 - 12).
-11
What is the value of -12 - 34 - -9 - -3 - -8?
-26
Calculate 1 - (-7 - -7) - 13.
-12
Calculate 2 + (-2 - (0 - 7)) + -2.
5
Calculate (-24 - -15) + 24 - 12.
3
What is (10 - (3 - -11)) + 4 + 2?
2
10 - (30 - 2 - 28)
10
What is 13 + (10 - 27) - 5?
-9
Evaluate 2 - 1 - ((4 - 10 - -31) + -16).
-8
-36 - -50 - (-3 + 11)
6
What is (-19 - (-21 - -17)) + 28?
13
-19 - -4 - -12 - 6
-9
Evaluate -5 + 24 - (-67 + 50) - 9.
27
What is the value of -6 - (1 + -10 + (4 - (6 - 3)))?
2
What is (-8 + 25 - 18) + 18 + 1?
18
-12 + 20 - 8 - 3 - -3
0
(-1 - -3) + (2 - -2) - (15 + -30)
21
Evaluate 1 + -9 - (-8 - (5 + -13)).
-8
Evaluate 7 - (18 - (-16 - -30)).
3
Evaluate (-3 + 6 - 28) + (-110 - -116).
-19
What is the value of (1 - -13) + (-14 - -28 - 14)?
14
7 + (-1 - 19) + 100 + -90
-3
3 + 36 + -32 + 14
21
Calculate (-12 - ((-8 - 13) + 6)) + -11.
-8
Evaluate -34 - (-7 + (-30 - -15)).
-12
What is the value of 20 + (-24 - (0 + 21))?
-25
Evaluate -1 + 14 - (-21 + 31) - -8.
11
What is (5769 - 5762) + 0 + (1 - 0)?
8
-5 + (2 - 3) + (-1 + 3 - -12)
8
1 + 7 + (-6 - 2) - -7
7
Calculate 314 + -301 - (-1 + 4).
10
0 + 1 + -1 + -6